. Suppose -66 = -s - 2*s. What is the highest common factor of f and s?
22
Suppose 8660574 = -190*n + 697*n. Calculate the highest common divisor of 73 and n.
73
Suppose 100 = 26*m - 31*m. Let k = 35 + m. Let w be (-6 - -7) + 5/1. Calculate the greatest common factor of k and w.
3
Let m = -1860 + 1923. Suppose -3*h + 21 = -0*h. Calculate the highest common divisor of m and h.
7
Let s be 26*5*(-1908)/(-795). What is the greatest common factor of 96 and s?
24
Let f = 5502 - 4096. What is the highest common factor of 3034 and f?
74
Let f = 4253 - 4103. What is the greatest common divisor of 11625 and f?
75
Suppose -32*y - 2*h = -37*y + 441, 2*y = 4*h + 202. Calculate the highest common divisor of 14365 and y.
85
Let u = 23152 + -22866. What is the greatest common factor of u and 1001?
143
Let v(n) be the second derivative of -3*n**3 - 4*n**2 - 5*n. Let t be v(-4). What is the greatest common factor of 64 and t?
64
Let g = 1 - -7. Suppose -10 = 5*i - 15*i. Let f be 8/i*(6 - 3). What is the highest common divisor of g and f?
8
Suppose -1 = -r + 5*b, b - 11 + 28 = -4*r. Let w be (3 - 8 - r)*-29. What is the greatest common factor of w and 58?
29
Suppose 0 = -2*j + 7*j - 80. Let z = 50206 + -50134. Calculate the highest common factor of j and z.
8
Suppose 2*g - 1 = 3*g, -25 = -t + 4*g. Let k(b) = -389*b + 2. Let v be k(-2). Suppose 87 - v = -3*l. What is the greatest common divisor of t and l?
21
Suppose 0 = 69*y - 72*y - 2*h + 3182, 0 = 2*y - 3*h - 2117. What is the highest common divisor of 380 and y?
20
Suppose 8793 = 40*v - 14247. Calculate the greatest common factor of 696 and v.
24
Suppose -5*i + 13740 = -17*i. Let c be 5*(i/(-10) - (-2)/4). Calculate the greatest common factor of 25 and c.
25
Let p(c) = 158*c + 796. Let o be p(-5). Calculate the greatest common factor of 250 and o.
2
Let k = 32455 - 32433. Let z = 7 - 4. Let w be 6/z - (1 + -1). Calculate the highest common factor of k and w.
2
Let w(f) = -55*f + 13. Let m(d) = -275*d + 66. Let y(x) = 2*m(x) - 11*w(x). Let r be y(5). What is the highest common divisor of 33 and r?
33
Let m be ((-34)/5)/((-2)/20). Suppose 93*b - 100*b - 2345 = 0. Let q = b - -352. Calculate the greatest common factor of m and q.
17
Suppose 0 = f + 2*o - 40, -4*f - 3*o = -0*o - 135. Calculate the greatest common divisor of f and 890.
10
Suppose 3*s = -y - 30, -2*y = -s + 3*y - 26. Let l = 16 + s. Let z = -6674 - -6729. What is the greatest common factor of z and l?
5
Let r = -8917 + 9403. Calculate the greatest common factor of 2 and r.
2
Suppose -37*x - 4213 = -40*x - 2*y, -y + 2808 = 2*x. What is the highest common divisor of x and 1196?
23
Let o(c) = 33 - 73*c**3 - 13*c**2 - 14*c + 0*c - 80*c**3 + 154*c**3. Let u be o(14). Calculate the highest common factor of u and 3.
3
Let c(j) = -394*j - 11186. Let o be c(-29). Calculate the greatest common divisor of 2670 and o.
30
Let l be (-6 + -2)/(6/(-3)). Suppose l*p - 32 = g + 3, -5*p + g + 44 = 0. Let y be 15/(-2)*48/(-5). What is the greatest common divisor of p and y?
9
Let g(h) = 21*h - 149. Let o be g(20). Let f = -195 + o. Calculate the greatest common factor of f and 133.
19
Suppose 77*y - 75*y - 2832 = -2*s, 4*s - 5619 = 5*y. What is the greatest common factor of 34 and s?
17
Let w be 33/11 - (-2 - (-1 + 2)). Suppose -w*g - 549 = -129. Let h be 20/g - 198/(-7). What is the greatest common factor of 7 and h?
7
Let h = 4085 + -4040. What is the highest common divisor of 6255 and h?
45
Let v be (1/((-1)/(-13)))/((-30)/(-120)). Let l(p) = -p - 6. Let w be l(-4). Let r be (52/20)/(w/(-10)). Calculate the greatest common factor of r and v.
13
Suppose -16*c = 7*c - 851. Let s(x) = x**2 - 6*x - 1. Let z be -8 + 0 - 0/(-1). Let b be s(z). Calculate the greatest common factor of c and b.
37
Suppose p - 4*c = 106 + 68, 2*p = -c + 294. Calculate the highest common factor of 200 and p.
50
Let r be 6/((8/(-6))/((-1016)/12)). Calculate the greatest common factor of r and 15.
3
Let c be (2 - (-18)/(-15))*120. Let b(p) = 5*p**2 + 5*p + 4. Let n be b(7). Suppose n = 6*o + 92. Calculate the highest common factor of c and o.
32
Suppose a + 4*p - 196 = 3*a, -3*a - 314 = 4*p. Let x = -55 - a. Let m = -42 + x. Calculate the highest common divisor of m and 55.
5
Suppose 45*a - 56 = 37*a. Let n(r) = r + 4. Let j be n(8). Suppose a*g + 15 = j*g. Calculate the greatest common divisor of 3 and g.
3
Suppose 5*i = 3*y - 1057, -58*i = 3*y - 57*i - 1063. Calculate the greatest common factor of y and 236.
118
Let r be (-18)/(((-3)/(-2))/((-11913)/44)). Calculate the greatest common factor of 19 and r.
19
Let j be ((-1836)/(-66) - 28) + 20022/11. What is the highest common factor of 56 and j?
28
Suppose -4*x + 4 = 2*u - 38, x = -5*u + 96. Let t = -38 - -399. Calculate the greatest common divisor of u and t.
19
Let b be ((-249)/(-9) + 7)/(88/132). What is the highest common divisor of 156 and b?
52
Suppose 10*m + 1264 = 4*a + 7*m, 5*m = 0. Let z be (-3 - (-21)/5)/((-9)/(-30)). What is the greatest common factor of a and z?
4
Suppose 2*h + 3*h - 3394 = 3*r, 3*r + 2034 = 3*h. Suppose -h = -5*z + 5*k, 0 = 3*z - k + 6*k - 440. What is the highest common divisor of z and 105?
35
Suppose -4 = 7*b - 3*b - 4*k, 2*b - 9*k = -114. Let v(j) = 18*j**2 - 3*j. Let g be v(-5). Calculate the greatest common factor of g and b.
15
Let n be (-3 + 23)*(-666)/(-180). Calculate the highest common factor of n and 32486.
74
Let l = -19051 - -19075. What is the highest common factor of 954 and l?
6
Suppose 18*v + 37*v = 38*v + 646. Calculate the highest common divisor of v and 5453.
19
Let t = 2027 + -2006. Let x = -42 - -223. Suppose 0 = 3*m - 134 - x. Calculate the greatest common divisor of t and m.
21
Let n(d) be the first derivative of -3*d**2 - 12*d + 857. Let k(i) = 5*i + 1. Let h be k(-1). Let f be n(h). What is the greatest common divisor of f and 48?
12
Let t(c) = -218*c - 1 - 1 + 202*c. Let d(z) = -z**2 + 5*z - 5. Let b be d(4). Let h be t(b). Calculate the greatest common divisor of 112 and h.
14
Suppose -3*i = -4*u - 2*i + 93, 0 = 4*u + 5*i - 111. Suppose -36*y + 32*y + 22 = m, 0 = y - 2. Calculate the highest common factor of m and u.
2
Let y = 297 - 302. Let b be (15/25)/(-3) - 2051/y. What is the greatest common factor of 10 and b?
10
Suppose -z + 214 = -2*a - a, -a = -4*z + 878. Let s be (20/36)/(70/336)*(-60)/(-8). What is the greatest common divisor of z and s?
20
Let u be (-1 - (-4)/(-16)*-2)*-24. Let i = 16 - 31. Let c = i + 27. What is the highest common factor of c and u?
12
Suppose -28 = -4*n + 2*g, g + 12 = 3*n + 4*g. Calculate the greatest common divisor of 186 and n.
6
Let p be (1 - 3/(-3))*(1 - 0). Let f be p/(-6)*-15 - -3. Suppose 3 - 35 = -f*g. What is the highest common factor of 36 and g?
4
Suppose 17*f - 61 - 7 = 0. Suppose -f*w + 72 = 2*w. What is the greatest common divisor of 8 and w?
4
Let x be (-6)/(5 - 8) - -453. Let u be 2*-1 - (-139 + 7). What is the highest common divisor of x and u?
65
Suppose 2*b - 65 = 67. Let r(q) = 59*q**2 - 171*q - 6. Let m be r(3). What is the highest common factor of b and m?
6
Let z(p) = 118*p**2 - 3*p - 3. Let g be z(-2). Suppose 3*t + 109 = 4*s, -25 = -5*s + 3*t + 109. What is the greatest common factor of s and g?
25
Let c = -3432 - -3507. What is the greatest common divisor of 135 and c?
15
Let o(g) = -8*g**3 - 103*g**2 - 4*g + 175. Let v be o(-13). What is the highest common divisor of v and 16896?
132
Suppose 0 = n - 135 - 39. Suppose 24*o + 10 = 2794. What is the highest common divisor of n and o?
58
Let u = 3667 + -3609. Let g = -61 - -148. Calculate the greatest common divisor of u and g.
29
Let b(a) = 53*a + 10. Let q be b(-3). Let y = -146 - q. Suppose -y*k + 140 = k. Calculate the greatest common factor of 175 and k.
35
Suppose -3*z - 1090 = j, 1074 = -3*z + 2*j + j. Let g = z - -56. Let v = g - -554. What is the highest common divisor of 31 and v?
31
Suppose -3*r = 3*y - 57, -32*y = -2*r - 27*y + 10. Suppose r*d - 1014 = 2*d. What is the greatest common divisor of 130 and d?
26
Suppose -25 = 5*x - 70. Let d = 24 + -22. Suppose 9*o + d = -2*w + 7*o, 5*w + o = 11. Calculate the highest common factor of x and w.
3
Suppose 385*v + 2050 = 194*v + 201*v. Let w(k) be the first derivative of 10*k**3/3 + k + 1. Let s be w(2). What is the gr